 the remainder when 432421 is divided by 283?
280
What is the remainder when 20772 is divided by 3459?
18
Calculate the remainder when 5350 is divided by 2669.
12
Calculate the remainder when 88820 is divided by 88820.
0
What is the remainder when 7308 is divided by 156?
132
What is the remainder when 279831 is divided by 6083?
13
Calculate the remainder when 4025 is divided by 26.
21
Calculate the remainder when 73695 is divided by 55.
50
Calculate the remainder when 1855 is divided by 462.
7
Calculate the remainder when 20124 is divided by 5029.
8
Calculate the remainder when 17361 is divided by 175.
36
What is the remainder when 3541 is divided by 1098?
247
Calculate the remainder when 7365 is divided by 101.
93
Calculate the remainder when 1480 is divided by 212.
208
What is the remainder when 1223 is divided by 423?
377
Calculate the remainder when 110865 is divided by 1582.
125
Calculate the remainder when 535887 is divided by 15.
12
What is the remainder when 114784 is divided by 55?
54
Calculate the remainder when 330696 is divided by 330673.
23
Calculate the remainder when 544529 is divided by 14.
13
What is the remainder when 1275 is divided by 215?
200
Calculate the remainder when 5512 is divided by 1781.
169
Calculate the remainder when 223754 is divided by 54.
32
What is the remainder when 3776 is divided by 539?
3
Calculate the remainder when 3018304 is divided by 1142.
1140
Calculate the remainder when 211870 is divided by 68.
50
What is the remainder when 684 is divided by 270?
144
Calculate the remainder when 13568 is divided by 13462.
106
Calculate the remainder when 3159 is divided by 347.
36
What is the remainder when 24248 is divided by 982?
680
What is the remainder when 21822 is divided by 7169?
315
What is the remainder when 1178 is divided by 518?
142
What is the remainder when 20815 is divided by 311?
289
Calculate the remainder when 2801 is divided by 120.
41
What is the remainder when 4963 is divided by 108?
103
What is the remainder when 1455025 is divided by 634?
629
What is the remainder when 7637 is divided by 1268?
29
Calculate the remainder when 81064 is divided by 11579.
11
What is the remainder when 70257 is divided by 281?
7
Calculate the remainder when 37034 is divided by 12174.
512
Calculate the remainder when 61013 is divided by 312.
173
What is the remainder when 324967 is divided by 122?
81
Calculate the remainder when 17086 is divided by 2832.
94
Calculate the remainder when 3522 is divided by 1673.
176
What is the remainder when 139288 is divided by 69638?
12
Calculate the remainder when 77964 is divided by 77888.
76
What is the remainder when 791 is divided by 114?
107
What is the remainder when 31537 is divided by 95?
92
Calculate the remainder when 4467 is divided by 194.
5
What is the remainder when 1162199 is divided by 120?
119
What is the remainder when 33905 is divided by 14?
11
Calculate the remainder when 525221 is divided by 871.
8
Calculate the remainder when 79869 is divided by 8.
5
What is the remainder when 2560 is divided by 1038?
484
What is the remainder when 2382 is divided by 2305?
77
Calculate the remainder when 14520 is divided by 269.
263
Calculate the remainder when 1866 is divided by 12.
6
Calculate the remainder when 67655 is divided by 178.
15
What is the remainder when 16504 is divided by 16415?
89
Calculate the remainder when 711516 is divided by 72.
12
What is the remainder when 388714 is divided by 41?
34
Calculate the remainder when 76735 is divided by 6392.
31
What is the remainder when 2663 is divided by 343?
262
Calculate the remainder when 16625 is divided by 23.
19
What is the remainder when 1031 is divided by 61?
55
Calculate the remainder when 988 is divided by 76.
0
What is the remainder when 5337 is divided by 60?
57
Calculate the remainder when 12940 is divided by 154.
4
Calculate the remainder when 5218 is divided by 261.
259
Calculate the remainder when 23620 is divided by 53.
35
What is the remainder when 53039 is divided by 17658?
65
What is the remainder when 26831 is divided by 263?
5
What is the remainder when 91985 is divided by 16?
1
Calculate the remainder when 817384 is divided by 354.
352
Calculate the remainder when 2945 is divided by 103.
61
What is the remainder when 16848 is divided by 8404?
40
Calculate the remainder when 316583 is divided by 9.
8
Calculate the remainder when 2746 is divided by 84.
58
What is the remainder when 254111 is divided by 15?
11
What is the remainder when 3347 is divided by 458?
141
Calculate the remainder when 102157 is divided by 377.
367
Calculate the remainder when 308 is divided by 50.
8
What is the remainder when 7255 is divided by 6874?
381
Calculate the remainder when 3842 is divided by 45.
17
Calculate the remainder when 72358 is divided by 135.
133
What is the remainder when 275 is divided by 150?
125
Calculate the remainder when 93356 is divided by 2584.
332
What is the remainder when 271 is divided by 42?
19
What is the remainder when 70203 is divided by 66?
45
Calculate the remainder when 19017 is divided by 1262.
87
Calculate the remainder when 7670 is divided by 2498.
176
Calculate the remainder when 2408 is divided by 789.
41
What is the remainder when 1987 is divided by 100?
87
Calculate the remainder when 45821 is divided by 445.
431
What is the remainder when 108300 is divided by 1230?
60
What is the remainder when 4685 is divided by 134?
129
What is the remainder when 698 is divided by 566?
132
Calculate the remainder when 5281 is divided by 1698.
187
Calculate the remainder when 433589 is divided by 48175.
14
Calculate the remainder when 151 is divided by 64.
23
What is the remainder when 1471 is divided by 622?
227
Calculate the remainder when 3373 is divided by 568.
533
What is the remainder when 8027 is divided by 15?
2
Calculate the remainder when 149252 is divided by 23.
5
What is the remainder when 2871 is divided by 405?
36
What is the remainder when 676 is divided by 44?
16
What is the remainder when 10417 is divided by 852?
193
Calculate the remainder when 7735 is divided by 253.
145
Calculate the remainder when 2403 is divided by 343.
2
What is the remainder when 16754 is divided by 4184?
18
What is the remainder when 246033 is divided by 203?
200
Calculate the remainder when 418296 is divided by 19918.
18
Calculate the remainder when 607915 is divided by 24.
19
Calculate the remainder when 95123 is divided by 3397.
7
Calculate the remainder when 99233 is divided by 28.
1
What is the remainder when 56239 is divided by 7014?
127
Calculate the remainder when 1196720 is divided by 186.
182
Calculate the remainder when 12856 is divided by 181.
5
Calculate the remainder when 48628 is divided by 31.
20
What is the remainder when 161285 is divided by 33?
14
Calculate the remainder when 837 is divided by 660.
177
What is the remainder when 794 is divided by 631?
163
What is the remainder when 2902 is divided by 2393?
509
Calculate the remainder when 13043 is divided by 2585.
118
What is the remainder when 1699068 is divided by 131?
129
What is the remainder when 69300 is divided by 9?
0
What is the remainder when 884 is divided by 33?
26
Calculate the remainder when 896918 is divided by 340.
338
Calculate the remainder when 20828 is divided by 6940.
8
Calculate the remainder when 1590 is divided by 78.
30
What is the remainder when 10111 is divided by 10052?
59
What is the remainder when 35845 is divided by 1632?
1573
Calculate the remainder when 44801 is divided by 3192.
113
What is the remainder when 2184 is divided by 521?
100
What is the remainder when 155324 is divided by 51772?
8
Calculate the remainder when 245730 is divided by 3110.
40
What is the remainder when 10422 is divided by 1397?
643
Calculate the remainder when 431 is divided by 182.
67
Calculate the remainder when 87182 is divided by 147.
11
What is the remainder when 41036 is divided by 8174?
166
Calculate the remainder when 41286 is divided by 10165.
626
Calculate the remainder when 721 is divided by 715.
6
Calculate the remainder when 77599 is divided by 23.
20
What is the remainder when 39386 is divided by 69?
56
Calculate the remainder when 274 is divided by 266.
8
What is the remainder when 3237551 is divided by 9?